 + 35*k**3/6 - 31*k**2. Let c(s) be the first derivative of u(s). Determine c(4).
-15
Suppose 18*o - 19 = 71. Suppose -w = -5*c + 3*w - 21, -o*c - 22 = -3*w. Let n(t) = -4*t - 1. Give n(c).
19
Suppose 2*r = 5*a + 48 + 8, 0 = -4*a. Let o(c) = 5*c - 10 + r - 13. What is o(-5)?
-20
Let m(x) = 1 - 3*x - 7 - 6*x**2 - 5*x**2 + 12*x**2. Let w(g) be the first derivative of g**3/3 - 5*g**2 + 14*g + 26. Let p be w(9). Determine m(p).
4
Suppose 24 = 4*d - 0*d. Suppose -5*k - d*m - 17 = -4*m, -1 = m. Let i(c) = -6383*c - 43 + 43 + 6379*c. Calculate i(k).
12
Let g(l) = -2072*l + 4214*l - 20 - 2141*l. Suppose -32 = -5*t + 38. Calculate g(t).
-6
Let d(l) be the first derivative of -247*l - 47 - 14 + 262*l + 0*l**2 + l**2. Give d(-17).
-19
Let y be (-272)/(-46) - (-28)/322. Let v(s) = -127*s**3 - 3 - y*s**2 + 126*s**3 + 1 + s. Determine v(-6).
-8
Let a(d) be the first derivative of -d**3 - 5*d**2 - 16*d + 1886. Calculate a(-2).
-8
Let i(z) = 7*z**3 + 42*z**2 + 25*z + 30. Let q(c) = -8*c**3 - 43*c**2 - 26*c - 31. Let x(v) = 10*i(v) + 9*q(v). What is x(17)?
4
Let b(t) = -115 + 39 + 2*t + 3*t + 33 - 1. Determine b(7).
-9
Let a(b) = 291*b - 5236. Let w be a(18). Let d(x) = -2*x**2 + 15*x - 28. Calculate d(w).
-6
Let h(s) = -s**3 + 7*s**2 - 9*s - 3. Let l be (3*(-3)/(-9))/((-17)/(-85)). Let u be -2*l*(-2)/4. What is h(u)?
2
Let j(p) = 6*p - 2589. Let x(m) = m - 490. Let b(w) = -4*j(w) + 21*x(w). What is b(23)?
-3
Let x(w) = w**2 - 12*w - 14. Let l(j) = j**2 + 14*j + 37. Let g be l(-12). Let c be x(g). Let t(p) = -24*p**3 + p**2. Give t(c).
25
Let w(q) = -q**2 + 12*q - 1. Suppose -291*b + 167*b = -992. Calculate w(b).
31
Let j(b) = b**2 + 8*b - 7. Let m be (-9)/(-2) - ((-36)/8 + 5). Suppose 7*q + 5*p = 4*q + 10, 5*q - m*p = -45. Calculate j(q).
-22
Let w(h) = 2 + 9*h + 2 - 3 - 3*h - h**2. Suppose -16 = 4*c - 28. What is w(c)?
10
Let o(m) = -2*m**3 - 2*m + 10. Suppose 9*g - 15*g = -2*t - 10, -g - 5*t - 25 = 0. Calculate o(g).
10
Let t = 55 + -56. Let z(q) = 45*q + 2 - 72*q + 40*q. Determine z(t).
-11
Let q(k) = 187*k - 52. Let o(m) = -32*m - 1. Let r(p) = 6*o(p) + q(p). Calculate r(-12).
2
Let y(q) = -q - 12. Let n(a) = -5 + a + 0 - 6 + 3. Let g be n(12). Let c(m) = -1. Let z(k) = g*c(k) - y(k). What is z(-5)?
3
Let p be (-4)/16 - ((-693)/165)/((-4)/(-5)). Let o(j) = -4*j - 2. Give o(p).
-22
Let y(m) = -3*m + 10. Let d(s) = -5*s + 15. Let z(n) = 5*d(n) - 8*y(n). Suppose 0 = 879*q - 2038 - 3236. Determine z(q).
-11
Let k(x) = x**3 + 4*x**2 + 12. Let o(c) = c**3 - 30*c**2 + 44*c - 440. Let l be o(29). Calculate k(l).
-13
Suppose -4*j - 7 = -l, 135*l + j + 18 = 132*l. Let w(s) be the third derivative of s**5/60 + s**4/6 + 2*s**3/3 + 18*s**2. Calculate w(l).
9
Let i(k) = -28*k - 13. Let d(v) = 65*v + 28. Let p(h) = -3*d(h) - 7*i(h). Let j be (-45)/(-18)*2/1 + 3. What is p(j)?
15
Let l(o) = 6*o + 3. Suppose 31*n - 214*n = -1098. Calculate l(n).
39
Let p(j) = 9*j**2 - 2*j + 2. Let w be (-1 - (-21)/6)/((-1)/(-12)). Suppose 13*v - 28*v = -w. Give p(v).
34
Let n(t) = 6*t + 85. Let w(m) = 13*m + 188. Let c(u) = -11*n(u) + 5*w(u). What is c(19)?
-14
Let l(m) be the first derivative of 4/3*m**3 + 34 - m**2 - 3*m + 1/2*m**4. What is l(-3)?
-15
Let n(d) = 9 - 2 - 14*d - 17*d + 20*d. Let f(g) = 20*g - 12. Let o(w) = -4*f(w) - 7*n(w). Give o(-4).
11
Let o(t) = -21*t**3 - 22*t**2 - 109*t - 94. Let l(m) = -6*m**3 - 6*m**2 - 31*m - 27. Let z(b) = -18*l(b) + 5*o(b). Determine z(-1).
-2
Let s be (-34)/(-4)*((-5548)/(-1241))/19. Let w(n) = 2 + 0 - n - 7*n**2 - 4. Let y(f) = 13*f**2 + f + 3. Let t(i) = 5*w(i) + 3*y(i). Determine t(s).
11
Let b = -304 - -307. Suppose 0 = 2*l + u - 27, -4*u - 2 = 3*l - 30. Suppose b*f - 4 + l = 0. Let w(c) = -2*c - 2. Give w(f).
6
Let d(t) be the second derivative of t**7/2520 - t**6/360 - t**5/40 - 41*t**4/12 - 40*t. Let p(v) be the third derivative of d(v). Determine p(3).
0
Let s(l) = l + 1 - 3 + 3. Let n = -252 - -257. Suppose 0 = 3*f - n*c - 17, -f + 76*c = 72*c - 1. Determine s(f).
10
Let v(h) = -18*h + 83. Let d = 29432 - 29428. Calculate v(d).
11
Suppose -r - 33 = -3*a, -a - r - 45 = -5*a. Suppose 13*y - y - a = 0. Let u(d) = 8 + 8 - 10*d - 8*d - 17. Determine u(y).
-19
Let f(x) = -2*x**2 - 2*x + 3. Let u be (771/(-9))/(4/(-12)). Let b = u + -260. Determine f(b).
-9
Let p(q) = -18*q - 160. Let h(s) = -315*s + 2511. Let b be h(8). Calculate p(b).
2
Let s(i) be the first derivative of 9*i + 1/4*i**4 - 8/3*i**3 - 11 - 1/2*i**2. Calculate s(8).
1
Let n(j) = -139*j**3 - 1 + 287*j**3 - 137*j**3 + 30*j**2 - 16*j. Let x(q) = 4*q**3 + 10*q**2 - 6*q - 1. Let m(u) = 3*n(u) - 8*x(u). Give m(-10).
5
Let n = 0 - 4. Let j(g) = -4*g**2 - 8*g + 4. Let w(x) = 10*x - 1. Let i be w(0). Let m(v) = v**2 + 2*v - 1. Let k(u) = i*j(u) - 3*m(u). Give k(n).
7
Let a = 28439 - 28451. Let p(j) be the first derivative of -j**3/3 - 5*j**2 + 5*j - 4. Calculate p(a).
-19
Let i(y) = 6*y - 3. Suppose 321 = 166*f - 11. What is i(f)?
9
Suppose 9*s - 4*s - 325 = 0. Let m(q) = 8 - s*q + 66*q - 1 - 2. Let z(b) = b**2 + 25*b + 17. Let t be z(-24). Calculate m(t).
-2
Let q(k) be the second derivative of k**5/20 + 31*k**4/12 - 34*k**3/3 - 35*k**2 - 8391*k. Calculate q(-33).
-4
Let s(l) = -8*l**2 + 75*l + 1. Let a(c) = -18*c**2 + 167*c. Let k(u) = -3*a(u) + 7*s(u). What is k(12)?
7
Let z be 288/29 - (-86)/1247. Suppose -z*y - 6*y - 16 = 0. Let x(k) = -10*k**3 - k. Determine x(y).
11
Let u(q) be the second derivative of q**4/12 + 7*q**3/6 - 3*q**2 - 5*q - 5. Suppose -3*d + 5*v = -81 + 112, 0 = -4*d + 5*v - 38. Calculate u(d).
-6
Let p be 0/1 - 4/(-1). Let m(d) = d**3 + 14*d - 11. Let b(c) = 4*c**3 - 6*c**2 + 46*c - 29. Let i(n) = -b(n) + 3*m(n). Calculate i(p).
12
Let t be (-3*(-2)/(-18))/(1/(-69)). Let q(i) = t - 13*i**3 + 3*i**2 + 15*i**3 - 23 + i. What is q(-2)?
-6
Let j(d) = 9*d**2 + 63*d + 4. Let r be j(-7). Let f(x) = 13*x + 15. Let o(h) = 12*h + 11. Let t(k) = r*f(k) - 5*o(k). Calculate t(5).
-35
Let b(o) = -2*o**3 + 7*o**2 + 22*o + 1. Let v(w) = w**3 - 3*w**2 - 12*w - 1. Let l(n) = -4*b(n) - 7*v(n). Let h be 21/(-9)*(7 + -10). What is l(h)?
-25
Let n(o) = 49*o + 24*o - 139*o - 5*o**2 + 3 + 42*o. Determine n(-5).
-2
Let o(p) be the second derivative of -p**5/20 - p**4 + 3*p**2 - 12*p + 2. Let q be o(-12). Let u(d) = q*d**3 - 4 - 10*d**2 - 7*d**3 + 16. Give u(-10).
12
Let s(r) be the second derivative of 0*r**4 - 2*r - 3/10*r**5 - 30 + 0*r**2 + 0*r**3. Give s(-1).
6
Let a(d) = -2*d + 1. Let b(f) = -f. Let n(i) = -4*a(i) + 9*b(i). Let w(u) = 36*u**3 + 2*u**2 - u - 2. Let q be w(-1). Let r = q + 31. Give n(r).
0
Let j(b) = 4*b**3 + 17*b**2 + 8*b - 79. Let y(d) = 11*d**3 + 50*d**2 + 27*d - 217. Let c(a) = 8*j(a) - 3*y(a). Calculate c(-13).
71
Let v(z) = 1042*z**2 - 349*z**2 - 345*z**2 - 347*z**2 + 25*z + 0 - 3. Calculate v(-8).
-139
Suppose 44*r = 45*r - 236. Let n(y) = r*y**2 - 237*y**2 + y + 2*y + 3*y. What is n(5)?
5
Let c(g) be the third derivative of -g**6/120 - 17*g**5/60 + 5*g**4/8 - 7*g**3/6 + 173*g**2 - 1. Determine c(-18).
47
Let c(a) = 2*a**2 + 27*a + 15. Let k = -11569 + 11560. Give c(k).
-66
Let z(v) = -10*v + 3. Suppose -149*o + 152*o + 84 = 0. Let m(t) be the first derivative of -91*t**2/2 + 28*t - 12. Let l(f) = o*z(f) + 3*m(f). What is l(-1)?
-7
Let i(t) = -2*t**3 + 9*t**2 + 7*t - 43. Let q = -8996 - -9000. Determine i(q).
1
Let l = 18984 - 18981. Let g(r) be the third derivative of 0*r - 1/20*r**5 - 22*r**2 + 1/120*r**6 + 0 - 1/24*r**4 + 1/6*r**l. Determine g(3).
-2
Let p be 27/5 + (-16)/40. Let g(d) = 12 + d - 4 - 5*d + d. Calculate g(p).
-7
Let o(q) = 14*q**2 - 50*q + 38. Let j(l) = -5*l**2 + 17*l - 13. Let v(z) = 8*j(z) + 3*o(z). What is v(6)?
-2
Let i(p) = p**3 + 10*p**2 + 6*p - 23. Suppose 0 = 7*z + 81 - 18. What is i(z)?
4
Suppose 0 = 4*k - 20, -10*n = -8*n + k - 13. Suppose n*t + 27 = 7*t. Let w(p) = -11*p - p**3 + 2*p**3 - 8*p**2 + 0*p**2 + 9. Determine w(t).
-9
Let c = -1242 - -1224. Let j(t) = -t**3 - 20*t**2 - 34*t + 30. What is j(c)?
-6
Let n(v) = -v**3 + 5*v**2 + 4*v - 4. Suppose 3 = 2*w - 17. Let x be (w + -5)/(4/12*3). Calculate n(x).
16
Let r(s) = 20*s**2 - 27*s + 240. Let d(b) = -7*b**2 + 10*b - 85. Let q(h) = 17*d(h) + 6*r(h). Suppose -2*u + 5*a = 1 + 11, 4*a - 12 = 2*u. What is q(u)?
-17
Let u(l) be the second derivative of -5/3*l**3 - 47 + 2*l + l**